{"id":11,"date":"2014-05-21T14:19:12","date_gmt":"2014-05-21T14:19:12","guid":{"rendered":"http:\/\/spitapo-berner-oberland.ch\/wp\/wp\/?page_id=11"},"modified":"2022-01-17T17:52:38","modified_gmt":"2022-01-17T16:52:38","slug":"wir-ueber-uns","status":"publish","type":"page","link":"https:\/\/www.spitapo-berner-oberland.ch\/?page_id=11","title":{"rendered":"wir \u00fcber uns"},"content":{"rendered":"<p align=\"left\">Das Institut f\u00fcr Spitalpharmazie ist eine zentrale Einrichtung der spit\u00e4ler fmi ag und versorgt die Spitalgruppe, das Pflegeheim Frutigland, das Chalet Stampach, das Heim Weissenau, die Privatklinik Meiringen, die Rehaklinik Hasliberg, die Eden-Klinik Ringgenberg sowie die Eden-Klinik Oberried mit pharmazeutischen G\u00fctern und Dienstleistungen sowie mit Medizinprodukten. Zu unseren Hauptaufgaben geh\u00f6ren :<\/p>\n<ul>\n<li>\n<div align=\"left\">Evaluation und Selektion von Apothekeng\u00fctern durch vergleichende Beurteilung des Marktangebotes bez\u00fcglich medizinischer, pharmazeutischer, \u00f6konomischer und \u00f6kologischer Gesichtspunkte.<\/div>\n<\/li>\n<li>\n<div align=\"left\">Koordination der Evaluation von Medizinprodukten.<\/div>\n<\/li>\n<li>\n<div align=\"left\">F\u00fchrung einer wissenschaftlichen Dokumentation von Apothekeng\u00fctern.<\/div>\n<\/li>\n<li>\n<div align=\"left\">Aufarbeitung von Informationen zur Beantwortung von Fragen oder zur Weiterleitung von Fachinformationen oder Weisungen \u00fcber die Handhabung und den mengen- und wertm\u00e4ssigen Verbrauch der Apothekeng\u00fcter an \u00c4rzte, Pflegepersonal und Verwaltung.<\/div>\n<\/li>\n<li>\n<div align=\"left\">Supervision des Verordnungswesens im Sinne der Verbesserung der Rationalit\u00e4t und der Qualit\u00e4t der Therapien (z.B. Interaktionserfassung, Drug monitoring und Interpretation, Nebenwirkungserfassung etc.).<\/div>\n<\/li>\n<li>\n<div align=\"left\">Qualit\u00e4tssicherung im Bereich der Medikamentenverabreichung.<\/div>\n<\/li>\n<li>\n<div align=\"left\">Mitarbeit bei der Durchf\u00fchrung klinischer Studien.<\/div>\n<\/li>\n<li>\n<div align=\"left\">Pharmazeutische Konsilien an \u00c4rzte und Pflegepersonal.<\/div>\n<\/li>\n<li>\n<div align=\"left\">Mitarbeit bei der Aus- und Weiter- und Fortbildung von Spitalpersonal (\u00c4rzte, Pflegepersonal, andere).<\/div>\n<\/li>\n<li>\n<div align=\"left\">Durchsetzung beh\u00f6rdlicher Erlasse bez\u00fcglich Heilmittel, Bet\u00e4ubungsmittel, Gifte, Alkohol.<\/div>\n<\/li>\n<li>\n<div align=\"left\">Beschaffung und Lagerhaltung von Apothekeng\u00fctern entsprechend den Bed\u00fcrfnissen und unter Ber\u00fccksichtigung der beh\u00f6rdlichen Vorschriften.<\/div>\n<\/li>\n<li>\n<div align=\"left\">Beschaffung und Lagerhaltung von Medizinprodukten entsprechend den Bed\u00fcrfnissen<\/div>\n<\/li>\n<li>\n<div align=\"left\">Herstellung patientenspezifischer Rezepturen in der zentralen Zytostatikaherstellung in einer modernen Anlage nach den Richtlinien der SUVA und der GSASA sowie den GMP f\u00fcr die Herstellung von Arzneimitteln in kleinen Mengen. Die Herstellung erfolgt computergest\u00fctzt (<a href=\"http:\/\/www.cato.at\/\">http:\/\/www.cato.eu<\/a>)). Dieser Service wird auch vom Spital Frutigen mit benutzt (zentrale Herstellung; dezentrale Therapie). Er kann auch von Haus\u00e4rzten der Region in Anspruch genommen werden.<\/div>\n<\/li>\n<li>\n<div align=\"left\">Herstellung patientenspezifischer Rezepturen im Isolator (Schmerzpumpen, PCA-Pumpen, CIVAS)<\/div>\n<\/li>\n<li>\n<div align=\"left\">Organisation der Entsorgung des Spitals von Apotheken- und anderen G\u00fctern.<\/div>\n<\/li>\n<li>\n<div align=\"left\">Unterst\u00fctzung in Belangen der Spitalhygiene.<\/div>\n<\/li>\n<\/ul>\n<p align=\"left\">Wir versorgen rund 180 Akut- und rund\u00a0250 Langzeit- 200 Psychiatrie und 300 Rehabilitationsbetten im \u00f6stlichen Berner Oberland. 42 Stationsapotheken, 7 Operationss\u00e4le, 2 geburtshilfliche Abteilungen, 2 Labors, eine Dialysestation und eine Intensivpflegestation\u00a0mit pharmazeutischen G\u00fctern, Medizinprodukten und pharmazeutischem Wissen. Das Institut erzielt einen Umsatz von rund 15 Millionen Franken (Medikamente und Medizinprodukte)<\/p>\n<p align=\"left\"><a href=\"http:\/\/spitapo-berner-oberland.ch\/wp\/Pflichtenheft%20Spitalapotheker.pdf\">aktuelles Pflichtenheft des Chefapothekers <\/a><\/p>\n","protected":false},"excerpt":{"rendered":"<p>Das Institut f\u00fcr Spitalpharmazie ist eine zentrale Einrichtung der spit\u00e4ler fmi ag und versorgt die Spitalgruppe, das Pflegeheim Frutigland, das Chalet Stampach, das Heim Weissenau, die Privatklinik Meiringen, die Rehaklinik Hasliberg, die Eden-Klinik Ringgenberg sowie die Eden-Klinik Oberried mit pharmazeutischen G\u00fctern und Dienstleistungen sowie mit Medizinprodukten. Zu unseren Hauptaufgaben geh\u00f6ren : Evaluation und Selektion von &hellip; <a href=\"https:\/\/www.spitapo-berner-oberland.ch\/?page_id=11\" class=\"more-link\"><span class=\"screen-reader-text\">wir \u00fcber uns<\/span> weiterlesen <span class=\"meta-nav\">&rarr;<\/span><\/a><\/p>\n","protected":false},"author":1,"featured_media":0,"parent":0,"menu_order":0,"comment_status":"closed","ping_status":"closed","template":"","meta":{"footnotes":""},"class_list":["post-11","page","type-page","status-publish","hentry"],"_links":{"self":[{"href":"https:\/\/www.spitapo-berner-oberland.ch\/index.php?rest_route=\/wp\/v2\/pages\/11","targetHints":{"allow":["GET"]}}],"collection":[{"href":"https:\/\/www.spitapo-berner-oberland.ch\/index.php?rest_route=\/wp\/v2\/pages"}],"about":[{"href":"https:\/\/www.spitapo-berner-oberland.ch\/index.php?rest_route=\/wp\/v2\/types\/page"}],"author":[{"embeddable":true,"href":"https:\/\/www.spitapo-berner-oberland.ch\/index.php?rest_route=\/wp\/v2\/users\/1"}],"replies":[{"embeddable":true,"href":"https:\/\/www.spitapo-berner-oberland.ch\/index.php?rest_route=%2Fwp%2Fv2%2Fcomments&post=11"}],"version-history":[{"count":3,"href":"https:\/\/www.spitapo-berner-oberland.ch\/index.php?rest_route=\/wp\/v2\/pages\/11\/revisions"}],"predecessor-version":[{"id":165,"href":"https:\/\/www.spitapo-berner-oberland.ch\/index.php?rest_route=\/wp\/v2\/pages\/11\/revisions\/165"}],"wp:attachment":[{"href":"https:\/\/www.spitapo-berner-oberland.ch\/index.php?rest_route=%2Fwp%2Fv2%2Fmedia&parent=11"}],"curies":[{"name":"wp","href":"https:\/\/api.w.org\/{rel}","templated":true}]}}